{"id":13,"date":"2019-03-11T18:30:00","date_gmt":"2019-03-11T17:30:00","guid":{"rendered":"http:\/\/test.feuerwehr-westercelle.de\/?einsatz=feuer-in-kueche-1-person-gerettet"},"modified":"2020-07-14T16:28:52","modified_gmt":"2020-07-14T14:28:52","slug":"feuer-in-kueche-1-person-gerettet","status":"publish","type":"einsatz","link":"https:\/\/feuerwehr-westercelle.de\/?einsatz=feuer-in-kueche-1-person-gerettet","title":{"rendered":"Feuer in K\u00fcche \u2013 1 Person gerettet"},"content":{"rendered":"\r\n<h3 class=\"wp-block-heading\">Einsatzbericht:<\/h3>\r\n\r\n\r\n\r\n<p><strong>Eine Person aus verrauchter Wohnung gerettet \u2013 Rauchmelder alarmiert Helfer!<\/strong><\/p>\r\n\r\n\r\n\r\n<p>Celle. Um 18:30 Uhr wurden die Freiwilligen Feuerwehren Westercelle und Celle-Hauptwache sowie der Rettungsdienst zu einem ausgel\u00f6sten Heimrauchmelder in der Fischerstra\u00dfe im Stadtteil Westercelle alarmiert.<\/p>\r\n\r\n\r\n\r\n<figure class=\"wp-block-image\"><img decoding=\"async\" class=\"wp-image-13588\" src=\"http:\/\/www.feuerwehr-celle.de\/wp-content\/uploads\/53728824_2261171763905370_8796645694304681984_o-1024x576.jpg\" alt=\"\" \/>\r\n<figcaption>TLF (Florian Celle 10\/21\/82) der FF Westercelle an der Einsatzstelle<\/figcaption>\r\n<\/figure>\r\n\r\n\r\n\r\n<p>Bei Eintreffen der Feuerwehr an der Einsatzstelle ergab sich folgende Lage: Eine Wohnung im Hochparterre eines Mehrfamilienhauses war stark verqualmt. Eine Person befand sich noch in der Wohnung. Es brannte vermutlich in der K\u00fcche. Die noch in der Wohnung befindliche Person wurde unverz\u00fcglich von Einsatzkr\u00e4ften der Feuerwehr und des Rettungsdienstes aus der Wohnung gerettet. Sie wurde vor Ort durch den Rettungsdienst versorgt und im Anschluss ins Krankenhaus verbracht.<\/p>\r\n\r\n\r\n\r\n<figure class=\"wp-block-image\"><img decoding=\"async\" class=\"wp-image-13589\" src=\"http:\/\/www.feuerwehr-celle.de\/wp-content\/uploads\/52856779_2261171790572034_5111908781944471552_o-1024x576.jpg\" alt=\"\" \/>\r\n<figcaption>TroTLF (Florian Celle 10\/29\/2) der FF Celle-Hauptwache an der Einsatzstelle<\/figcaption>\r\n<\/figure>\r\n\r\n\r\n\r\n<p>Als Brandursache konnte schnell angebranntes Essen in der K\u00fcche ausgemacht werden. Die Wohnung wurde durch die Feuerwehr mit einem Druckl\u00fcfter bel\u00fcftet und entraucht. Die Brandstelle mit einer W\u00e4rmebildkamera kontrolliert. Ein weiterer Einsatz war nicht erforderlich.<\/p>\r\n\r\n\r\n\r\n<p>Ebenfalls im Einsatz war die Polizei Celle.<\/p>\r\n\r\n\r\n\r\n<p>Der Einsatz zeigt, wie wichtig Rauchmelder in Wohnungen sind. Nur durch das warnende Piepen des Heimrauchmelders konnte schnell Hilfe alarmiert werden, die Person schnell aus der Wohnung gerettet und eine Brandausbreitung verhindert werden.<\/p>\r\n","protected":false},"author":1,"featured_media":1615,"template":"","meta":{"_et_pb_use_builder":"","_et_pb_old_content":"","_et_gb_content_width":"","_monsterinsights_skip_tracking":false,"_monsterinsights_sitenote_active":false,"_monsterinsights_sitenote_note":"","_monsterinsights_sitenote_category":0,"einsatz_weight":1,"footnotes":""},"categories":[19],"einsatzart":[8],"fahrzeug":[7,4],"exteinsatzmittel":[],"alarmierungsart":[],"evw_unit":[],"class_list":["post-13","einsatz","type-einsatz","status-publish","has-post-thumbnail","hentry","category-einsatzberichte","einsatzart-brandeinsatz","fahrzeug-mtf-florian-celle-10-17-81","fahrzeug-tlf-16-24-florian-celle-10-21-82"],"publishpress_future_workflow_manual_trigger":{"enabledWorkflows":[]},"_links":{"self":[{"href":"https:\/\/feuerwehr-westercelle.de\/index.php?rest_route=\/wp\/v2\/einsatz\/13","targetHints":{"allow":["GET"]}}],"collection":[{"href":"https:\/\/feuerwehr-westercelle.de\/index.php?rest_route=\/wp\/v2\/einsatz"}],"about":[{"href":"https:\/\/feuerwehr-westercelle.de\/index.php?rest_route=\/wp\/v2\/types\/einsatz"}],"author":[{"embeddable":true,"href":"https:\/\/feuerwehr-westercelle.de\/index.php?rest_route=\/wp\/v2\/users\/1"}],"version-history":[{"count":2,"href":"https:\/\/feuerwehr-westercelle.de\/index.php?rest_route=\/wp\/v2\/einsatz\/13\/revisions"}],"predecessor-version":[{"id":1616,"href":"https:\/\/feuerwehr-westercelle.de\/index.php?rest_route=\/wp\/v2\/einsatz\/13\/revisions\/1616"}],"wp:featuredmedia":[{"embeddable":true,"href":"https:\/\/feuerwehr-westercelle.de\/index.php?rest_route=\/wp\/v2\/media\/1615"}],"wp:attachment":[{"href":"https:\/\/feuerwehr-westercelle.de\/index.php?rest_route=%2Fwp%2Fv2%2Fmedia&parent=13"}],"wp:term":[{"taxonomy":"category","embeddable":true,"href":"https:\/\/feuerwehr-westercelle.de\/index.php?rest_route=%2Fwp%2Fv2%2Fcategories&post=13"},{"taxonomy":"einsatzart","embeddable":true,"href":"https:\/\/feuerwehr-westercelle.de\/index.php?rest_route=%2Fwp%2Fv2%2Feinsatzart&post=13"},{"taxonomy":"fahrzeug","embeddable":true,"href":"https:\/\/feuerwehr-westercelle.de\/index.php?rest_route=%2Fwp%2Fv2%2Ffahrzeug&post=13"},{"taxonomy":"exteinsatzmittel","embeddable":true,"href":"https:\/\/feuerwehr-westercelle.de\/index.php?rest_route=%2Fwp%2Fv2%2Fexteinsatzmittel&post=13"},{"taxonomy":"alarmierungsart","embeddable":true,"href":"https:\/\/feuerwehr-westercelle.de\/index.php?rest_route=%2Fwp%2Fv2%2Falarmierungsart&post=13"},{"taxonomy":"evw_unit","embeddable":true,"href":"https:\/\/feuerwehr-westercelle.de\/index.php?rest_route=%2Fwp%2Fv2%2Fevw_unit&post=13"}],"curies":[{"name":"wp","href":"https:\/\/api.w.org\/{rel}","templated":true}]}}

Feuer in Küche – 1 Person gerettet

<h3 class="wp-block-heading">Einsatzbericht:</h3>



<p><strong>Eine Person aus verrauchter Wohnung gerettet – Rauchmelder alarmiert Helfer!</strong></p>



<p>Celle. Um 18:30 Uhr wurden die Freiwilligen Feuerwehren Westercelle und Celle-Hauptwache sowie der Rettungsdienst zu einem ausgelösten Heimrauchmelder in der Fischerstraße im Stadtteil Westercelle alarmiert.</p>



<figure class="wp-block-image"><img decoding="async" class="wp-image-13588" src="http://www.feuerwehr-celle.de/wp-content/uploads/53728824_2261171763905370_8796645694304681984_o-1024x576.jpg" alt="" />
<figcaption>TLF (Florian Celle 10/21/82) der FF Westercelle an der Einsatzstelle</figcaption>
</figure>



<p>Bei Eintreffen der Feuerwehr an der Einsatzstelle ergab sich folgende Lage: Eine Wohnung im Hochparterre eines Mehrfamilienhauses war stark verqualmt. Eine Person befand sich noch in der Wohnung. Es brannte vermutlich in der Küche. Die noch in der Wohnung befindliche Person wurde unverzüglich von Einsatzkräften der Feuerwehr und des Rettungsdienstes aus der Wohnung gerettet. Sie wurde vor Ort durch den Rettungsdienst versorgt und im Anschluss ins Krankenhaus verbracht.</p>



<figure class="wp-block-image"><img decoding="async" class="wp-image-13589" src="http://www.feuerwehr-celle.de/wp-content/uploads/52856779_2261171790572034_5111908781944471552_o-1024x576.jpg" alt="" />
<figcaption>TroTLF (Florian Celle 10/29/2) der FF Celle-Hauptwache an der Einsatzstelle</figcaption>
</figure>



<p>Als Brandursache konnte schnell angebranntes Essen in der Küche ausgemacht werden. Die Wohnung wurde durch die Feuerwehr mit einem Drucklüfter belüftet und entraucht. Die Brandstelle mit einer Wärmebildkamera kontrolliert. Ein weiterer Einsatz war nicht erforderlich.</p>



<p>Ebenfalls im Einsatz war die Polizei Celle.</p>



<p>Der Einsatz zeigt, wie wichtig Rauchmelder in Wohnungen sind. Nur durch das warnende Piepen des Heimrauchmelders konnte schnell Hilfe alarmiert werden, die Person schnell aus der Wohnung gerettet und eine Brandausbreitung verhindert werden.</p>
