{"id":3307,"date":"2025-11-03T14:13:00","date_gmt":"2025-11-03T13:13:00","guid":{"rendered":"https:\/\/feuerwehr-westercelle.de\/?post_type=einsatz&#038;p=3307"},"modified":"2025-11-03T15:43:30","modified_gmt":"2025-11-03T14:43:30","slug":"feuer-in-kueche-4","status":"publish","type":"einsatz","link":"https:\/\/feuerwehr-westercelle.de\/?einsatz=feuer-in-kueche-4","title":{"rendered":"Feuer in K\u00fcche"},"content":{"rendered":"<p>Feuer in einer K\u00fcche!<\/p>\n<p>Am Montag um 14:13 Uhr wurde die Feuerwehr Celle zu einem K\u00fcchenbrand in die Stra\u00dfe \u201eS\u00fcdheide\u201c alarmiert.<\/p>\n<p>Bei Eintreffen der Feuerwehr drang Rauch aus einem Fenster im zweiten Obergeschoss eines Mehrparteienhauses. Unverz\u00fcglich ging ein Trupp unter Atemschutz in die betroffene Wohnung vor. Als Brandursache konnte ein Gegenstand auf dem Herd festgestellt werden. Dieser wurde entfernt und abgel\u00f6scht. Im Rahmen der Brandbek\u00e4mpfung kam ein Kleinl\u00f6schger\u00e4t zum Einsatz. Im Anschluss wurde die Wohnung bel\u00fcftet.<\/p>\n<p>Zwei Kinder und ein Hund hatten die Wohnung selbstst\u00e4ndig verlassen und wurden vor Ort durch die Einsatzkr\u00e4fte betreut.<\/p>\n<p>Im Einsatz waren die Ortsfeuerwehren Westercelle und Celle-Hauptwache sowie der Rettungsdienst und die Polizei.<\/p>\n","protected":false},"author":1,"featured_media":0,"template":"","meta":{"_et_pb_use_builder":"","_et_pb_old_content":"","_et_gb_content_width":"","_monsterinsights_skip_tracking":false,"_monsterinsights_sitenote_active":false,"_monsterinsights_sitenote_note":"","_monsterinsights_sitenote_category":0,"einsatz_weight":1,"footnotes":""},"categories":[],"einsatzart":[8],"fahrzeug":[2,7,24],"exteinsatzmittel":[],"alarmierungsart":[],"evw_unit":[32,33],"class_list":["post-3307","einsatz","type-einsatz","status-publish","hentry","einsatzart-brandeinsatz","fahrzeug-lf-10-florian-celle-10-45-81","fahrzeug-mtf-florian-celle-10-17-81","fahrzeug-trotlf-16-florian-celle-10-29-81","evw_unit-ff-ce-hauptwache","evw_unit-ff-westercelle"],"publishpress_future_workflow_manual_trigger":{"enabledWorkflows":[]},"_links":{"self":[{"href":"https:\/\/feuerwehr-westercelle.de\/index.php?rest_route=\/wp\/v2\/einsatz\/3307","targetHints":{"allow":["GET"]}}],"collection":[{"href":"https:\/\/feuerwehr-westercelle.de\/index.php?rest_route=\/wp\/v2\/einsatz"}],"about":[{"href":"https:\/\/feuerwehr-westercelle.de\/index.php?rest_route=\/wp\/v2\/types\/einsatz"}],"author":[{"embeddable":true,"href":"https:\/\/feuerwehr-westercelle.de\/index.php?rest_route=\/wp\/v2\/users\/1"}],"version-history":[{"count":1,"href":"https:\/\/feuerwehr-westercelle.de\/index.php?rest_route=\/wp\/v2\/einsatz\/3307\/revisions"}],"predecessor-version":[{"id":3308,"href":"https:\/\/feuerwehr-westercelle.de\/index.php?rest_route=\/wp\/v2\/einsatz\/3307\/revisions\/3308"}],"wp:attachment":[{"href":"https:\/\/feuerwehr-westercelle.de\/index.php?rest_route=%2Fwp%2Fv2%2Fmedia&parent=3307"}],"wp:term":[{"taxonomy":"category","embeddable":true,"href":"https:\/\/feuerwehr-westercelle.de\/index.php?rest_route=%2Fwp%2Fv2%2Fcategories&post=3307"},{"taxonomy":"einsatzart","embeddable":true,"href":"https:\/\/feuerwehr-westercelle.de\/index.php?rest_route=%2Fwp%2Fv2%2Feinsatzart&post=3307"},{"taxonomy":"fahrzeug","embeddable":true,"href":"https:\/\/feuerwehr-westercelle.de\/index.php?rest_route=%2Fwp%2Fv2%2Ffahrzeug&post=3307"},{"taxonomy":"exteinsatzmittel","embeddable":true,"href":"https:\/\/feuerwehr-westercelle.de\/index.php?rest_route=%2Fwp%2Fv2%2Fexteinsatzmittel&post=3307"},{"taxonomy":"alarmierungsart","embeddable":true,"href":"https:\/\/feuerwehr-westercelle.de\/index.php?rest_route=%2Fwp%2Fv2%2Falarmierungsart&post=3307"},{"taxonomy":"evw_unit","embeddable":true,"href":"https:\/\/feuerwehr-westercelle.de\/index.php?rest_route=%2Fwp%2Fv2%2Fevw_unit&post=3307"}],"curies":[{"name":"wp","href":"https:\/\/api.w.org\/{rel}","templated":true}]}}

Feuer in Küche

<p>Feuer in einer Küche!</p>
<p>Am Montag um 14:13 Uhr wurde die Feuerwehr Celle zu einem Küchenbrand in die Straße „Südheide“ alarmiert.</p>
<p>Bei Eintreffen der Feuerwehr drang Rauch aus einem Fenster im zweiten Obergeschoss eines Mehrparteienhauses. Unverzüglich ging ein Trupp unter Atemschutz in die betroffene Wohnung vor. Als Brandursache konnte ein Gegenstand auf dem Herd festgestellt werden. Dieser wurde entfernt und abgelöscht. Im Rahmen der Brandbekämpfung kam ein Kleinlöschgerät zum Einsatz. Im Anschluss wurde die Wohnung belüftet.</p>
<p>Zwei Kinder und ein Hund hatten die Wohnung selbstständig verlassen und wurden vor Ort durch die Einsatzkräfte betreut.</p>
<p>Im Einsatz waren die Ortsfeuerwehren Westercelle und Celle-Hauptwache sowie der Rettungsdienst und die Polizei.</p>
